est common factor of 18 and n.
9
Let j = 70 - 68. Let s be 4 + j + 0 + 1. What is the greatest common divisor of s and 7?
7
Let r = -493 - -535. Suppose 21 = 6*b - 5*b. What is the highest common factor of b and r?
21
Let o(t) = 2*t**2 + 34*t - 232. Let p be o(6). Calculate the highest common divisor of p and 66.
22
Let k be (-12)/(-2)*(1 + 1). Suppose 5*l + 10 = 0, 3*l + 18 = -0*d + 4*d. Let u be 4 - d - -25 - 2. What is the highest common divisor of k and u?
12
Let x be (-20)/8 + 9/(18/65). What is the highest common factor of 15 and x?
15
Let n(a) = -a**2 + 7*a - 9. Let q be n(4). Suppose q*i = -37 + 199. Calculate the highest common factor of 27 and i.
27
Let b(x) = -19*x - 14. Let l(k) = k**2 - 7*k + 6. Let w be l(5). Let v be b(w). What is the greatest common factor of v and 31?
31
Let r be -1*3/15 - (-82)/10. Suppose -22 - r = -5*z. Calculate the highest common divisor of 4 and z.
2
Let o = 551 - 434. Suppose 71 = 4*h + 19. Calculate the greatest common divisor of h and o.
13
Let k be 2/(-9) + (-388)/36. Let j be (-123)/k - (-12)/(-66). Let p(q) = 5*q + 7. Let b be p(3). Calculate the highest common divisor of b and j.
11
Let l(r) = 80*r - 25. Let v = -144 + 146. Let h be l(v). What is the highest common factor of h and 15?
15
Let z be -7*((-12)/21)/2. Let g(d) = -2*d - d + 2*d**z - 3*d. Let p be g(4). What is the greatest common divisor of p and 12?
4
Suppose -74 - 6 = -4*r. Let q(k) = 12*k**3 - k**2 + 1. Let y be q(1). Let l be (24/(y/3))/(6/8). Calculate the greatest common divisor of r and l.
4
Let w(n) = -5 - n - 2*n + 4*n + 4*n. Let c be w(6). Let k = c + -7. Calculate the highest common divisor of 18 and k.
18
Let p be 13/(65/(-60))*4/6. Let n = p - -86. Calculate the highest common factor of n and 6.
6
Suppose n + 2*x + 18 = -29, 3*n - 5*x + 130 = 0. Let u = n - -75. What is the highest common divisor of u and 6?
6
Let g be -1 + 5/(15/228). Let n be ((-7)/((-56)/24))/((-1)/(-5)). Calculate the highest common divisor of g and n.
15
Let i(j) = -j**3 + 28*j**2 - 25*j. Let b be i(27). Suppose 4 = -5*y + 9. Let x be (y - 3) + 16/2. What is the greatest common divisor of x and b?
6
Suppose 7*v - 545 = 2*v. Suppose 4*r = 2*r + 5*s + v, -4*r + 4*s = -236. Let g be 93/(2 + -6 - -5). Calculate the greatest common factor of r and g.
31
Let p(m) = 10*m**2 + 17*m - 33. Let d be p(4). Calculate the greatest common divisor of d and 30.
15
Suppose 7*m = 4*m + 36. Let t(f) = 2*f + 4. Let p be t(m). Suppose -k - 3*k + 2*i = -1234, -4*i = 4. Calculate the greatest common divisor of k and p.
28
Let v(o) = -7*o**3 - o**2 - o - 1. Let c be v(-1). Suppose -r = -c*r + 30. What is the greatest common divisor of 54 and r?
6
Suppose -6*h + 10*h - 464 = -2*m, 470 = 2*m - 2*h. Calculate the greatest common factor of m and 18.
18
Let y(n) = -3*n**2 + 128*n + 8. Let a be y(38). What is the highest common factor of 120 and a?
60
Suppose 0 = 2*s - 71 + 27. Suppose -5*a = 3*l + s, 4*a + 11 + 9 = 0. What is the highest common divisor of 4 and l?
1
Suppose n - 70 = -4*n. Let t(z) = 11 + 2 - 7 + 74*z. Let d be t(2). What is the highest common divisor of d and n?
14
Suppose -2*m + 1 = -9. Let f = m - 0. Suppose 0 = 22*k - 127 - 203. Calculate the greatest common divisor of f and k.
5
Let q be ((-3)/5 - 0)/(13/(-195)). Suppose -q*s + 11*s = 78. What is the highest common factor of 52 and s?
13
Let k = -221 - -261. What is the highest common divisor of 15 and k?
5
Let a be ((-14)/21)/(((-22)/324)/11). Calculate the greatest common factor of a and 576.
36
Suppose 8 = -a + 3*a. Suppose k + 39 = 6*j - j, 0 = -4*j - a*k + 36. Let h = 161 + -121. Calculate the greatest common factor of h and j.
8
Suppose -27*s + 22*s = -2*j - 992, -2*s + 5*j + 401 = 0. What is the highest common factor of 6 and s?
6
Let c be (3 + -11)*1/(-4). Calculate the greatest common divisor of c and 16.
2
Let s = 839 + -747. Calculate the highest common factor of s and 4.
4
Suppose -5 = -4*y + 5*a - 3, 8 = -4*a. Let m be (-1 - y)/(1/19). What is the greatest common factor of 19 and m?
19
Let j = -300 + 414. Let d be 4560/14 - 4/(-14). Suppose d + j = 5*q. Calculate the greatest common divisor of 8 and q.
8
Suppose 9*s - 3*j - 183 = 7*s, -s + 99 = j. What is the greatest common factor of s and 864?
96
Suppose 0 = -5*y - 15 + 95. Suppose 24 = -3*c - 3*l, y = -2*c + l + l. Let x be 1/(4 + 30/c). Calculate the greatest common divisor of x and 8.
4
Let f be (-3)/((-7 - -8) + (-4)/2). Suppose f*m + 5*w - 580 = 0, -1 = w - 6. Calculate the highest common factor of 37 and m.
37
Suppose 0 = -4*p + y + 16, y + 30 = 2*p + 6*y. Calculate the greatest common divisor of 160 and p.
5
Suppose y - 12 = -z, -90 = -31*z + 26*z + 5*y. What is the greatest common factor of 6 and z?
3
Suppose 3*o - 146 = 3*u + 136, 0 = 2*o + u - 176. What is the highest common factor of 135 and o?
45
Let q be ((-612)/10)/((-408)/80 + 5). Calculate the greatest common divisor of 36 and q.
36
Let l(n) = n**3 - 6*n**2 + 9*n - 4. Let o be l(4). Suppose o = 4*i + 3*x - 201, 3*x = 2*x - 5. Calculate the greatest common divisor of 6 and i.
6
Let o = 121 + -101. What is the greatest common divisor of 90 and o?
10
Let c = 68 - 27. Suppose -5*p + c + 34 = 0. Suppose -4*k = l - 125, 0*k + 5*k + 2*l = 160. Calculate the highest common divisor of k and p.
15
Suppose -k + 36 = 3*k - 4*o, 2*k = -5*o + 25. Calculate the greatest common factor of k and 430.
10
Suppose 0*b = -4*n + 2*b + 148, n - 27 = 3*b. Let c = -71 - -146. Suppose -c = -4*o + 29. What is the greatest common divisor of n and o?
13
Suppose -2*i + 40 = 3*i. Let b(f) = f**3 - 7*f**2 - 6*f + 8. Let u be b(i). Calculate the greatest common divisor of u and 12.
12
Let t(s) = -2*s + 11. Let j be t(9). Let c(i) = i**2 - 8*i + 5. Let d be c(j). Calculate the highest common factor of d and 11.
11
Suppose -2*q + 41 = q - 5*x, 55 = 3*q + 2*x. Let z be (15/4)/(q/68). Calculate the highest common factor of z and 120.
15
Suppose 0 = -m - 17*s + 19*s + 7, -m + 1 = -5*s. Suppose -139 = -m*g + 1170. What is the highest common factor of g and 34?
17
Let f(o) = o**3 - 3*o**2 + 10*o - 58. Let p be f(5). What is the greatest common factor of 8 and p?
2
Suppose 2*m - 12*f - 40 = -8*f, 2*m - 5*f - 41 = 0. Calculate the highest common factor of 192 and m.
6
Let l(k) = -7*k**2 + 18*k - 18. Let u(q) = q**2 - 1. Let j(z) = l(z) + 6*u(z). Let o be j(14). What is the greatest common factor of o and 4?
4
Suppose 0 = -4*m - 200 + 40. Let k(n) = -n**3 + 11*n**2 - 11*n - 7. Let t be k(9). Let p = t + m. What is the highest common divisor of p and 64?
16
Let y be (-6)/(2 - 22/8). Let m(h) = -h - 3. Let a be m(-10). Suppose -y = -3*z + a. What is the greatest common divisor of z and 2?
1
Suppose 4*w = -21*v + 17*v + 3024, 2*v - 2266 = -3*w. What is the greatest common divisor of w and 58?
58
Suppose -42 = 4*b + 3*i - 119, 5*b = 5*i + 105. Calculate the greatest common divisor of 460 and b.
20
Suppose 20*i - 27*i + 735 = 0. Calculate the greatest common divisor of 350 and i.
35
Suppose -150 = -3*p - 3*d - 2*d, -4*p - d + 217 = 0. Calculate the highest common divisor of p and 33.
11
Suppose -2*n = -71 - 29. Suppose -4*x - n = -230. What is the greatest common divisor of x and 30?
15
Let q be (450/105)/((-6)/(-56)). Calculate the highest common factor of 5 and q.
5
Let x(p) = -25*p + 81. Let f be x(2). Calculate the highest common factor of f and 1147.
31
Let f(r) = -2*r + 18. Let c be f(6). Let t be 100/4 + (8 - c). What is the greatest common divisor of 189 and t?
27
Let w(v) = -v**3 - 7*v**2 - 3*v - 9. Let x be w(-7). Let u = 12 - x. Suppose i + u = 2. Calculate the greatest common factor of 16 and i.
2
Suppose 0 = -11*p + 132. Calculate the highest common factor of 116 and p.
4
Suppose -2*o - o - 2*j = -44, -j = 4*o - 62. Suppose 0 = 4*x - 6*x + 128. What is the greatest common divisor of o and x?
16
Let n(j) = 52*j**2 + 5*j - 4. Let i be 2/(-4)*-1*2/1. Let a be n(i). Calculate the greatest common divisor of 371 and a.
53
Suppose 0 = 5*g, 4*a - 3*g - 276 = 32. Calculate the highest common factor of a and 693.
77
Let h = -47 + 45. Let z be 3/12 + h/((-24)/537). Calculate the greatest common factor of z and 30.
15
Let y = -31 - -22. Let a be 3*6/y + -1. Let p be (2 - 10)*(a + 1). What is the greatest common factor of 1